Calculate k(q).
-5
Suppose 1 = -2*v + k, 3*v + 3 = -0*k + 3*k. Let l(x) be the third derivative of v*x + 0*x**3 + 7/12*x**4 + 7*x**2 + 0. Determine l(1).
14
Let d(t) be the second derivative of t**3/2 + 11*t**2/2 + 35*t + 7. Give d(9).
38
Let r(t) = 3 + 9 - 8*t**2 - t**3 - 7 + t. Let o = 212 + -220. Calculate r(o).
-3
Let d(g) = -g**2 + 8*g - 3. Suppose 0*m + 5 = 3*c - 2*m, -5*m = 3*c - 40. Suppose 2*j + c = j. Let a = 1 - j. Give d(a).
9
Let q(s) = 3*s**2 + 20*s - 23. Let h(r) be the second derivative of 15/2*r**2 + 0 - 13/6*r**3 - 4*r - 1/6*r**4. Let g(o) = -8*h(o) - 5*q(o). Determine g(-4).
-5
Let a(x) = -x**2 + 6*x. Suppose -28 = -4*j + 2*f, -4*j + 30 = -4*f - 6. Calculate a(j).
5
Let t = -68 - -71. Let p(f) = -f - 1. Let b(n) = 4*n + 4. Let v(z) = t*p(z) + b(z). Give v(2).
3
Let o be (-24 + 16)*(-2)/8. Suppose -2*a - 9 = -3*t, -5*a + o*t - 12 = -2*t. Let i(v) = v**3 - v**2 - 16. Give i(a).
-16
Let u(t) = -3*t + 30. Suppose -2*g + 3*a = -26 - 7, 0 = 5*g - 4*a - 65. What is u(g)?
3
Let z(o) = 2*o + 3. Suppose -a + 6 = r, 4*a - 3*r - 10 = -0*r. Suppose 4*j + 5 = 5*c, 3*c - 5*j + a*j = -4. Give z(c).
-3
Let r(u) = -u**2 + 4*u + 5. Let a be (-8)/(-32)*-4 + 0 + -38. Let t = a - -44. Give r(t).
0
Let p = 17 + -10. Suppose 5*n + 3 = 23. Let x(h) = 4 - n - h + 6. What is x(p)?
-1
Let y(d) = d**2 + 7*d + 2. Let r = 43 + -55. Let n be (r/(-15))/((-20)/150). Calculate y(n).
-4
Let c(g) be the second derivative of -34*g + 3*g**2 - 1/6*g**3 + 0. What is c(-9)?
15
Suppose 4*h - 93 = -21. Let q(b) = 21 - h - 6*b + 3*b. Calculate q(3).
-6
Let z(n) = -2*n**3 + 30*n**2 + 14*n - 12. Let k(t) = t**3 - 16*t**2 - 7*t + 6. Let x(d) = -11*k(d) - 6*z(d). What is x(4)?
-22
Let p(y) = -y**2 - 8*y - 2. Let b = 10 + -5. Suppose -4*n = -2*d - 9*n + 13, 31 = -d + b*n. Give p(d).
10
Let r(k) = k**3 + 6*k**2 - 8*k - 5. Let y be (-16)/12*(-7)/(14/(-24)). Let p be (y/20)/((-6)/(-15)) + -5. Give r(p).
2
Let b(o) be the first derivative of o**2 + o - 122. Let i = -4 + 6. Determine b(i).
5
Let o(k) = -k**2 - 4*k + 5. Let y = -6 + 13. Suppose -4*p + y*p - 2*m + 5 = 0, -4*p - 45 = 5*m. What is o(p)?
0
Let d(c) = c**2 + c - 4. Let g(s) = s**2 + 2*s - 4. Let w(r) = -6*d(r) + 5*g(r). Let v = 8 - 2. What is w(v)?
-8
Let x(r) = r**2 + 7*r + 6. Let b(z) = 2*z**2 + 6*z + 6. Let v(i) = 2*b(i) - 3*x(i). Let p be v(10). Let s(t) = -t - 2. Determine s(p).
-6
Let p(v) = -v**2 + 8*v - 3. Let b = 24 - 33. Let k be 18*4/(3 - b). Give p(k).
9
Let s(r) = -3*r + 3*r**2 - 163 + 164 + 0*r. Let b = -2 - -4. Suppose f - 6 = -b*f. Give s(f).
7
Let z(u) = -u**2 + 4*u - 2. Let w = -11 + 13. Suppose 6 = m + w. Determine z(m).
-2
Let i(n) = n**3 - n**2 + n + 2. Let a(k) = -k**2 + 12*k + 13. Let q be a(-1). Determine i(q).
2
Let t(r) = r**2 - 2*r - 163. Let a be t(-12). Let d(o) be the first derivative of -o**4/4 + 4*o**3/3 + 3*o**2/2 + 7*o - 1. Give d(a).
-3
Let r(g) = 3*g - g - 11*g + 2 + 6*g. Give r(-5).
17
Let f(n) be the second derivative of n**4/12 - n**3/6 - 7*n**2/2 + n - 6. Let z be 4/(8/6) + 2. What is f(z)?
13
Let h = 172 + -180. Let t(z) = z**2 + 10*z + 12. Calculate t(h).
-4
Let z = 4 + -2. Let h(p) be the second derivative of 1/20*p**5 - 1/6*p**4 + 1/2*p**2 + 0 - 1/3*p**3 - 4*p. What is h(z)?
-3
Let z(b) be the first derivative of -b**4/4 - 11*b**3/3 + 5*b**2 - 2*b - 259. Determine z(-12).
22
Let s be (-424)/36 + (-2)/9. Let i be s/(-54)*6*(-9)/(-2). Let p(r) = 2*r - 8. What is p(i)?
4
Let r(t) be the second derivative of -t**5/10 - t**4/6 + t**3/6 - t**2 + 46*t. Calculate r(-3).
31
Let w(z) = -4*z + 1. Let g(u) = 18*u + 16. Let s(q) = -g(q) - 3*w(q). Give s(-4).
5
Suppose n - 30 = -4*n. Let f(c) = 10*c - 15*c + 10 + n*c. Let q be f(-11). Let p(d) = 6*d**2. Determine p(q).
6
Let c = -531 + 544. Let i(n) = -n**3 + 14*n**2 - 14*n + 12. Give i(c).
-1
Let d = 57 - 25. Let v = 34 - d. Let l = v - -4. Let o(j) = j**3 - 5*j**2 - 5*j - 2. What is o(l)?
4
Let q = -11 + 0. Suppose -3*y + 6 = -5*u - 14, 4*u + 32 = 4*y. Let z be (y + q)*(-2 + 1). Let r(x) = 5*x**3 - x**2 + x - 1. Calculate r(z).
4
Let s(d) = d**3 + 6*d**2 + 6*d - 1. Suppose -3*x + 2*z = x - 10, 10 = -5*x - 5*z. Suppose 4*c = 5*k - 35, 3*k - 10 = -x. Determine s(c).
-6
Let i(o) be the third derivative of -26*o**2 + 0*o + 1/24*o**4 + o**3 + 0. Give i(-6).
0
Let u(x) = 2*x**2 - 8*x - 1. Let p = 17 + -1. Suppose -p = 7*z - 58. What is u(z)?
23
Let y(z) = -1 + z**3 + 2*z + 0*z**2 + 3 - 4*z**2 + z**2. Let r = -46 + 48. Calculate y(r).
2
Suppose 329*k + 21 = 336*k. Let h(g) be the third derivative of 0*g + 0 - 6*g**2 + 1/24*g**4 + 2/3*g**k. What is h(-5)?
-1
Let c(p) = 11*p**2 + 17*p - 2. Let h(j) = -5*j**2 - 8*j + 1. Let x = -168 + 155. Let y(f) = x*h(f) - 6*c(f). Determine y(4).
-9
Suppose 0 = -2*a + 4*a + k - 5, -2*a + 3 = -k. Let m(s) = -s**2 + s**3 - s + 0 + 7 - a. Give m(0).
5
Let h(o) be the first derivative of -11*o**2/2 + o + 4. Determine h(1).
-10
Let r = -59 + 54. Let k(j) = j**2 + 4*j - 8. Let o be k(r). Let g(l) = l**3 + 3*l**2 + 2*l - 1. What is g(o)?
-7
Let s(j) = -20*j**2 - 95*j + 15. Let h be s(-5). Let x(m) = -2*m**2 - 12*m - 2. Let o(z) = -z**2 - z. Let b(d) = -o(d) + x(d). Calculate b(h).
8
Suppose 0 = 3*x - 2*u - 2, -5*x = -6*u + u + 5. Let t(j) = -j**2 - 2*j + 2. Let f be t(0). Let h(w) = f + 41*w**2 - 2*w - 3*w + w**3 - 44*w**2. Give h(x).
-2
Let l be (-6)/(-21) - (-52)/14. Let h be (l + -8)/((-2)/3). Let y(z) be the first derivative of -z**3/3 + 4*z**2 - 6*z + 131. Determine y(h).
6
Suppose 2 = -2*i + x, 3*i + 4*x = -i + 20. Suppose o + 36 = 3*o. Let z(d) = -1 + 27*d - 14*d - o*d. Determine z(i).
-6
Let i(t) = -t**3 - 8*t**2 + t - 2. Let o(c) be the second derivative of c**5/20 + 5*c**4/6 + 8*c**3/3 - 4*c**2 + 24*c. Let w be o(-8). What is i(w)?
-10
Suppose -3*j + 13 = -5. Let u(d) be the third derivative of -d**5/60 + 5*d**4/24 - d**3/6 + 23*d**2 - 4. Determine u(j).
-7
Let c(z) = 4*z**3 - z**2 + 4*z + 3. Let j(u) = 7*u**3 - 2*u**2 + 9*u + 7. Let r = -157 + 154. Let g = 9 - 2. Let w(p) = g*c(p) + r*j(p). Calculate w(1).
7
Let v(h) be the first derivative of h**3/3 - 7*h**2/2 - 3*h - 2. Let x = 3 + -1. Suppose -4*a + x*k = -16, 2*a + k + 4 = 5*k. Calculate v(a).
-9
Let u be (16/(-10))/((-4)/10). Suppose -u*x + 13 = 3*s, s - 2*x - 15 = -4. Suppose -s*a = -6*a - 5. Let f(h) = -h**3 + 6*h**2 - 3*h - 7. What is f(a)?
3
Let z(t) = 3*t**3 - 2*t**2 - t + 2. Suppose 83 - 79 = 2*i. Determine z(i).
16
Let t(z) be the third derivative of z**4/24 - 5*z**3/6 + 187*z**2. Calculate t(0).
-5
Let c(o) = -2*o**3 + 1. Let y be c(-1). Let f be y/(-18) + 62/12. Let n(v) = v + 3. What is n(f)?
8
Let s(q) be the first derivative of -2*q**2 - 53*q + 40. Let l be s(-16). Let n(b) = b - 19. Calculate n(l).
-8
Let r(k) = k**2 - 5*k + 8. Let n be r(3). Let f(m) = -3*m**2 + 9*m**2 + m - 8*m**2. Give f(n).
-6
Let s(b) = 2*b**2 + 10*b + 6. Suppose 18 = -2*y + 4. What is s(y)?
34
Suppose 52 = 77*m + 1746. Let i(c) = -c**3 - 21*c**2 + 22*c + 14. Determine i(m).
14
Suppose -k - 4*a + 14 = 0, 2*k + 91 = 3*a + 97. Let q(w) = -w**3 + 5*w**2 - w - 8. Determine q(k).
-50
Let n be (25 - 24)*(3/(-9))/(-1). Let t(x) be the first derivative of -3/2*x**2 + 6*x - 11 - n*x**3. Give t(-5).
-4
Let w(j) = -j**2 + 4*j + 8. Let o be (-4 + 5)*(-7)/(-1)*1. Calculate w(o).
-13
Let m(p) = 3*p**3 - 2*p**2 - 3*p - 2. Let v be m(-2). Let j = v + 25. Let d(u) = -3*u - 4. Determine d(j).
5
Let p(t) be the second derivative of -t**3/3 - 4*t**2 + 2*t. Let k be p(-7). Let r(o) = -136*o + 137*o - 5 - 1. Give r(k).
0
Let f(q) = 66*q + 322. Let a be f(-5). Let m(r) = -r**3 - 7*r**2 + 4*r - 18. Calculate m(a).
14
Let v be -9*2/(-3) - 2. Let n = 3 - v. Let h(o) = 1 - 4*o - 2 + 1. Calculate h(n).
4
Let u(w) be the third derivative of -7*w**4/24 - 97*w**2. Determine u(-1).
7
Let c(v) = -19*v - v**2 - 229 + 181 + 2*v. Give c(-14).
-6
Let q(p) = -p**2 + 0*p - p - 2*p**2. Let f be -3 - -1 - 0 - -73. Let h = 70 - f. What is q(h)?
-2
Suppose 6*p - 45 = p. Let x = p - 18. Let l = -6 - x. Let y(h) = -h**3 + 4*h**2 - 4*h - 1. Calculate y(l).
-4
Let k(u) = u**2 - 4*u - 5. Suppose 0 = d - 2*d - 2*q + 8, -2*d + q = -6. Determine k(d).
-5
Let n be 4*(-2)/(-6) + 24/(-18). Let h(b) = b + 21. Determine h(n).
21
Let r(c) be the third derivative of c**5/60 + 5*c**4/24 + c**3/2 - 266*c**2. Determine r(